16073
What are the prime factors of 3454816202?
2, 1727408101
What are the prime factors of 4119940537?
3739, 1101883
List the prime factors of 877139744.
2, 13, 241, 673
What are the prime factors of 38790086?
2, 19395043
List the prime factors of 46710055.
5, 7, 67, 19919
What are the prime factors of 2026045022?
2, 23, 1327, 33191
List the prime factors of 360442415.
5, 17, 4240499
What are the prime factors of 224558519?
283, 793493
List the prime factors of 3445043585.
5, 689008717
List the prime factors of 37351536.
2, 3, 29, 26833
List the prime factors of 322415912.
2, 7, 13, 442879
List the prime factors of 3083236114.
2, 7, 4363, 7211
What are the prime factors of 232561291?
151, 1540141
List the prime factors of 82266905.
5, 7, 2350483
List the prime factors of 552486918.
2, 3, 173, 532261
What are the prime factors of 29848273?
7, 13, 23, 1097
List the prime factors of 651078426.
2, 3, 6373, 17027
List the prime factors of 1776319464.
2, 3, 71, 1021
List the prime factors of 135896089.
7, 19413727
List the prime factors of 201178490.
2, 5, 331, 60779
List the prime factors of 976718626.
2, 13, 379, 99119
List the prime factors of 174485588.
2, 19, 83, 139, 199
List the prime factors of 154788398.
2, 77394199
List the prime factors of 3210479839.
7, 458639977
What are the prime factors of 2216176509?
3, 738725503
List the prime factors of 595961213.
151, 3946763
What are the prime factors of 760758054?
2, 3, 7, 1151, 15737
What are the prime factors of 2552847007?
17, 150167471
What are the prime factors of 24926340?
2, 3, 5, 233, 1783
What are the prime factors of 397101980?
2, 5, 11, 17, 89, 1193
What are the prime factors of 61017113?
19, 3211427
What are the prime factors of 51886384?
2, 11, 294809
List the prime factors of 242959973.
19, 41, 7607
What are the prime factors of 270360005?
5, 2243, 24107
List the prime factors of 680965611.
3, 89, 149, 17117
List the prime factors of 50055488.
2, 7, 111731
What are the prime factors of 506345324?
2, 126586331
List the prime factors of 1053589173.
3, 7, 13, 53, 72817
List the prime factors of 29619652.
2, 59, 125507
What are the prime factors of 1776952146?
2, 3, 83, 1877, 1901
List the prime factors of 982011343.
17029, 57667
What are the prime factors of 678261179?
678261179
List the prime factors of 8941504.
2, 11, 13, 977
List the prime factors of 88173403.
1093, 80671
List the prime factors of 3158404433.
10657, 296369
What are the prime factors of 51970303?
7, 11, 251, 2689
List the prime factors of 54338722.
2, 31, 876431
What are the prime factors of 8040344091?
3, 13, 137, 167, 9011
What are the prime factors of 982562899?
982562899
What are the prime factors of 631243022?
2, 79, 859, 4651
List the prime factors of 21850008.
2, 3, 103, 8839
What are the prime factors of 266149599?
3, 88716533
List the prime factors of 395513108.
2, 59, 113, 14831
List the prime factors of 242441766.
2, 3, 7, 1924141
List the prime factors of 122837452.
2, 163, 188401
What are the prime factors of 44961307?
151, 297757
List the prime factors of 272072502.
2, 3, 13, 109, 10667
List the prime factors of 859835917.
859835917
What are the prime factors of 254062652?
2, 3607, 17609
List the prime factors of 13106958.
2, 3, 857, 2549
What are the prime factors of 64545179?
64545179
List the prime factors of 28715946.
2, 3, 7, 683713
List the prime factors of 12554531.
11, 1141321
List the prime factors of 25796840.
2, 5, 151, 4271
List the prime factors of 86998640.
2, 5, 1087483
List the prime factors of 878340868.
2, 41, 5355737
List the prime factors of 91540988.
2, 7, 11, 17, 17483
List the prime factors of 1786219568.
2, 7, 53, 61, 4933
What are the prime factors of 7556654443?
13, 251, 2315861
What are the prime factors of 372062842?
2, 397, 468593
What are the prime factors of 674229319?
674229319
List the prime factors of 889995054.
2, 3, 13, 1163, 9811
What are the prime factors of 256513172?
2, 5857, 10949
What are the prime factors of 215515150?
2, 5, 1597, 2699
What are the prime factors of 3454229489?
1523, 2268043
What are the prime factors of 1119440912?
2, 23, 3041959
List the prime factors of 1451916483.
3, 19, 449, 56731
What are the prime factors of 24554648?
2, 29, 109, 971
List the prime factors of 42279425.
5, 17, 53, 1877
List the prime factors of 691018433.
7, 389, 5179
List the prime factors of 2721546516.
2, 3, 13, 17445811
List the prime factors of 273786272.
2, 1733, 4937
List the prime factors of 3205734695.
5, 1031, 621869
List the prime factors of 790823199.
3, 12611, 20903
List the prime factors of 360476569.
19, 18972451
List the prime factors of 290432470.
2, 5, 29043247
List the prime factors of 2705923408.
2, 169120213
What are the prime factors of 1468918510?
2, 5, 163, 901177
List the prime factors of 180798261.
3, 7, 8609441
What are the prime factors of 2745291476?
2, 59, 257, 45263
What are the prime factors of 846000352?
2, 23, 1149457
List the prime factors of 309986421.
3, 67, 1542221
What are the prime factors of 59143757?
59143757
List the prime factors of 1380553793.
643, 2147051
What are the prime factors of 39473244?
2, 3, 23, 5297
What are the prime factors of 35135655?
3, 5, 19, 113, 1091
What are the prime factors of 3371965137?
3, 61, 79, 77747
List the prime factors of 158490123.
3, 11, 4802731
What are the prime factors of 55090874?
2, 27545437
List the prime factors of 31993088.
2, 47, 2659
What are the prime factors of 76557563?
5591, 13693
List the prime factors of 1389549608.
2, 7673, 22637
What are the prime factors of 40491908?
2, 1039, 9743
List the prime factors of 33479518.
2, 16739759
What are the prime factors of 382169944?
2, 13, 3674711
What are the prime factors of 677936121?
3, 225978707
What are the prime factors of 55789616?
2, 397, 8783
What are the prime factors of 75800331?
3, 17, 47, 83, 127
What are the prime factors of 4504701358?
2, 71, 89, 356441
List the prime factors of 27977241.
3, 2539, 3673
List the prime factors of 3080734827.
3, 5197, 197597
List the prime factors of 76098841.
7, 13, 64327
List the prime factors of 4483664002.
2, 53, 798089
List the prime factors of 3020777616.
2, 3, 62932867
List the prime factors of 15620504.
2, 1952563
List the prime factors of 10477793.
10477793
What are the prime factors of 63284838?
2, 3, 10547473
What are the prime factors of 76932408?
2, 3, 7, 173, 2647
What are the prime factors of 977192864?
2, 83, 127, 2897
What are the prime factors of 1218205443?
3, 7, 13, 97, 179, 257
List the prime factors of 248079768.
2, 3, 127, 199, 409
What are the prime factors of 86486649?
3, 37, 779159
What are the prime factors of 692560757?
7, 163, 86711
List the prime factors of 15101392.
2, 943837
What are the prime factors of 15356972?
2, 1861, 2063
What are the prime factors of 1107260536?
2, 138407567
What are the prime factors of 338676026?
2, 13, 19, 61, 11239
List the prime factors of 329415416.
2, 11, 67, 55871
What are the prime factors of 2771627001?
3, 11, 13, 577, 11197
What are the prime factors of 30097955?
5, 179, 33629
What are the prime factors of 6113039074?
2, 41, 6869, 10853
What are the prime factors of 231142908?
2, 3, 61, 337, 937
What are the prime factors of 274282027?
127, 2159701
What are the prime factors of 644569483?
12161, 53003
What are the prime factors of 1929160593?
3, 1657, 129361
List the prime factors of 177937796.
2, 67, 151, 4397
List the prime factors of 277561929.
3, 29, 127, 25121
List the prime factors of 2821339712.
2, 23, 139, 13789
List the prime factors of 1394418164.
2, 953, 365797
List the prime factors of 305793151.
199, 1536649
List the prime factors of 72324711.
3, 61, 43913
List the prime factors of 26186835.
3, 5, 1745789
List the prime factors of 44566598.
2, 347, 64217
What are the prime factors of 3207096329?
101, 127, 250027
List the prime factors of 4237822.
2, 43, 49277
What are the prime factors of 260773294?
2, 421, 309707
What are the prime factors of 1555702727?
23, 2657, 25457
List the prime factors of 535501766.
2, 267750883
List the prime factors of 1259860676.
2, 314965169
List the prime factors of 24522515.
5, 733, 6691
What are the prime factors of 2634780?
2, 3, 5, 43913
List the prime factors of 409990911.
3, 